{"id":1699,"date":"2025-12-10T14:45:11","date_gmt":"2025-12-10T14:45:11","guid":{"rendered":"https:\/\/educacion.hum.umss.edu.bo\/?page_id=1699"},"modified":"2025-12-31T14:35:50","modified_gmt":"2025-12-31T14:35:50","slug":"centro-de-estudiantes","status":"publish","type":"page","link":"https:\/\/educacion.hum.umss.edu.bo\/index.php\/centro-de-estudiantes\/","title":{"rendered":"centro de estudiantes"},"content":{"rendered":"\t\t<div data-elementor-type=\"wp-page\" data-elementor-id=\"1699\" class=\"elementor elementor-1699\">\n\t\t\t\t<div class=\"elementor-element elementor-element-96e8e10 e-flex e-con-boxed e-con e-parent\" data-id=\"96e8e10\" data-element_type=\"container\">\n\t\t\t\t\t<div class=\"e-con-inner\">\n\t\t\t\t<div class=\"elementor-element elementor-element-2fe1b70 elementor-widget elementor-widget-image\" data-id=\"2fe1b70\" data-element_type=\"widget\" data-widget_type=\"image.default\">\n\t\t\t\t\t\t\t\t\t\t\t\t\t\t\t<img fetchpriority=\"high\" decoding=\"async\" width=\"1944\" height=\"768\" src=\"https:\/\/educacion.hum.umss.edu.bo\/wp-content\/uploads\/2025\/12\/Sin-titulo-1-6.png\" class=\"attachment-2048x2048 size-2048x2048 wp-image-2553\" alt=\"\" srcset=\"https:\/\/educacion.hum.umss.edu.bo\/wp-content\/uploads\/2025\/12\/Sin-titulo-1-6.png 1944w, https:\/\/educacion.hum.umss.edu.bo\/wp-content\/uploads\/2025\/12\/Sin-titulo-1-6-300x119.png 300w, https:\/\/educacion.hum.umss.edu.bo\/wp-content\/uploads\/2025\/12\/Sin-titulo-1-6-1024x405.png 1024w, https:\/\/educacion.hum.umss.edu.bo\/wp-content\/uploads\/2025\/12\/Sin-titulo-1-6-768x303.png 768w, https:\/\/educacion.hum.umss.edu.bo\/wp-content\/uploads\/2025\/12\/Sin-titulo-1-6-1536x607.png 1536w, https:\/\/educacion.hum.umss.edu.bo\/wp-content\/uploads\/2025\/12\/Sin-titulo-1-6-360x142.png 360w\" sizes=\"(max-width: 1944px) 100vw, 1944px\" \/>\t\t\t\t\t\t\t\t\t\t\t\t\t\t\t<\/div>\n\t\t\t\t\t<\/div>\n\t\t\t\t<\/div>\n\t\t<div class=\"elementor-element elementor-element-e085a31 e-flex e-con-boxed e-con e-parent\" data-id=\"e085a31\" data-element_type=\"container\">\n\t\t\t\t\t<div class=\"e-con-inner\">\n\t\t\t\t<div class=\"elementor-element elementor-element-85c3265 elementor-widget elementor-widget-heading\" data-id=\"85c3265\" data-element_type=\"widget\" data-widget_type=\"heading.default\">\n\t\t\t\t\t<h2 class=\"elementor-heading-title elementor-size-default\">Centro de Estudiantes de Ciencias de la Educaci\u00f3n<\/h2>\t\t\t\t<\/div>\n\t\t\t\t\t<\/div>\n\t\t\t\t<\/div>\n\t\t<div class=\"elementor-element elementor-element-62bed3d e-flex e-con-boxed e-con e-parent\" data-id=\"62bed3d\" data-element_type=\"container\">\n\t\t\t\t\t<div class=\"e-con-inner\">\n\t\t<div class=\"elementor-element elementor-element-4576d36 e-con-full e-flex e-con e-child\" data-id=\"4576d36\" data-element_type=\"container\">\n\t\t\t\t<div class=\"elementor-element elementor-element-89db38f elementor-drop-cap-yes elementor-drop-cap-view-default elementor-widget elementor-widget-text-editor\" data-id=\"89db38f\" data-element_type=\"widget\" data-settings=\"{&quot;drop_cap&quot;:&quot;yes&quot;}\" data-widget_type=\"text-editor.default\">\n\t\t\t\t\t\t\t\t\t<h6><span style=\"font-weight: 400;\">El Centro de Estudiantes es una organizaci\u00f3n conformada por estudiantes elegidos democr\u00e1ticamente para representar a toda la comunidad estudiantil de una carrera o facultad. Su funci\u00f3n principal es velar por los derechos, necesidades, intereses y participaci\u00f3n activa de los estudiantes dentro de la vida universitaria.<\/span><\/h6>\t\t\t\t\t\t\t\t<\/div>\n\t\t\t\t<\/div>\n\t\t<div class=\"elementor-element elementor-element-fcd657b e-con-full e-flex e-con e-child\" data-id=\"fcd657b\" data-element_type=\"container\">\n\t\t\t\t<\/div>\n\t\t\t\t\t<\/div>\n\t\t\t\t<\/div>\n\t\t<div class=\"elementor-element elementor-element-38477ac e-flex e-con-boxed e-con e-parent\" data-id=\"38477ac\" data-element_type=\"container\">\n\t\t\t\t\t<div class=\"e-con-inner\">\n\t\t\t\t<div class=\"elementor-element elementor-element-fba0806 elementor-widget elementor-widget-heading\" data-id=\"fba0806\" data-element_type=\"widget\" data-widget_type=\"heading.default\">\n\t\t\t\t\t<h2 class=\"elementor-heading-title elementor-size-default\">Funciones y objetivos<\/h2>\t\t\t\t<\/div>\n\t\t\t\t\t<\/div>\n\t\t\t\t<\/div>\n\t\t<div class=\"elementor-element elementor-element-b34c9fe e-con-full e-flex e-con e-parent\" data-id=\"b34c9fe\" data-element_type=\"container\">\n\t\t<div class=\"elementor-element elementor-element-e1afacc e-con-full e-flex e-con e-child\" data-id=\"e1afacc\" data-element_type=\"container\">\n\t\t\t\t<div class=\"elementor-element elementor-element-649c1e2 elementor-widget elementor-widget-text-editor\" data-id=\"649c1e2\" data-element_type=\"widget\" data-widget_type=\"text-editor.default\">\n\t\t\t\t\t\t\t\t\t<ul><li style=\"font-weight: 400;\" aria-level=\"1\"><span style=\"font-weight: 400;\">Ser el portavoz de los estudiantes ante autoridades y docentes.<\/span><\/li><li style=\"font-weight: 400;\" aria-level=\"1\"><span style=\"font-weight: 400;\">Gestionar necesidades acad\u00e9micas, como mejoras en horarios, tr\u00e1mites, infraestructura o problemas en materias.<\/span><\/li><li style=\"font-weight: 400;\" aria-level=\"1\"><span style=\"font-weight: 400;\">Organizar actividades formativas, culturales, deportivas y sociales.<\/span><\/li><li style=\"font-weight: 400;\" aria-level=\"1\"><span style=\"font-weight: 400;\">Promover la participaci\u00f3n estudiantil y fortalecer la vida universitaria.<\/span><\/li><li style=\"font-weight: 400;\" aria-level=\"1\"><span style=\"font-weight: 400;\">Acompa\u00f1ar y orientar a estudiantes nuevos o con dificultades.<\/span><\/li><li style=\"font-weight: 400;\" aria-level=\"1\"><span style=\"font-weight: 400;\">Velar por los derechos estudiantiles y canalizar reclamos o sugerencias.<\/span><\/li><\/ul>\t\t\t\t\t\t\t\t<\/div>\n\t\t\t\t<\/div>\n\t\t<div class=\"elementor-element elementor-element-ef6cd17 e-con-full e-flex e-con e-child\" data-id=\"ef6cd17\" data-element_type=\"container\">\n\t\t\t\t<div class=\"elementor-element elementor-element-6099e03 elementor-widget elementor-widget-text-editor\" data-id=\"6099e03\" data-element_type=\"widget\" data-widget_type=\"text-editor.default\">\n\t\t\t\t\t\t\t\t\t<ul><li style=\"font-weight: 400;\" aria-level=\"1\"><span style=\"font-weight: 400;\">Mejorar las condiciones de estudio y convivencia.<\/span><\/li><li style=\"font-weight: 400;\" aria-level=\"1\"><span style=\"font-weight: 400;\">Fomentar la unidad y el trabajo colaborativo entre estudiantes.<\/span><\/li><li style=\"font-weight: 400;\" aria-level=\"1\"><span style=\"font-weight: 400;\">Representar de manera \u00e9tica y responsable los intereses del estudiantado.<\/span><\/li><li style=\"font-weight: 400;\" aria-level=\"1\"><span style=\"font-weight: 400;\">Crear espacios de formaci\u00f3n integral m\u00e1s all\u00e1 del aula.<\/span><\/li><\/ul>\t\t\t\t\t\t\t\t<\/div>\n\t\t\t\t<\/div>\n\t\t\t\t<\/div>\n\t\t<div class=\"elementor-element elementor-element-8a4f3ec e-flex e-con-boxed e-con e-parent\" data-id=\"8a4f3ec\" data-element_type=\"container\">\n\t\t\t\t\t<div class=\"e-con-inner\">\n\t\t\t\t<div class=\"elementor-element elementor-element-9279d82 elementor-widget elementor-widget-heading\" data-id=\"9279d82\" data-element_type=\"widget\" data-widget_type=\"heading.default\">\n\t\t\t\t\t<h2 class=\"elementor-heading-title elementor-size-default\">Actividades frecuentes<\/h2>\t\t\t\t<\/div>\n\t\t\t\t\t<\/div>\n\t\t\t\t<\/div>\n\t\t<div class=\"elementor-element elementor-element-3d77e8e e-flex e-con-boxed e-con e-parent\" data-id=\"3d77e8e\" data-element_type=\"container\">\n\t\t\t\t\t<div class=\"e-con-inner\">\n\t\t\t\t<div class=\"elementor-element elementor-element-d5ae1b9 elementor-widget elementor-widget-text-editor\" data-id=\"d5ae1b9\" data-element_type=\"widget\" data-widget_type=\"text-editor.default\">\n\t\t\t\t\t\t\t\t\t<ul><li style=\"font-weight: 400;\" aria-level=\"1\"><span style=\"font-weight: 400;\">Talleres, cursos y capacitaciones (normas APA, oratoria, congresos, etc.).<\/span>\u00a0<\/li><li style=\"font-weight: 400;\" aria-level=\"1\"><span style=\"font-weight: 400;\">Eventos culturales (danzas, ferias, festivales, aniversarios).<\/span><\/li><li style=\"font-weight: 400;\" aria-level=\"1\"><span style=\"font-weight: 400;\">Actividades deportivas (campeonatos, torneos internos).<\/span><\/li><li style=\"font-weight: 400;\" aria-level=\"1\"><span style=\"font-weight: 400;\">Apoyo a estudiantes (orientaci\u00f3n, tr\u00e1mites, acompa\u00f1amiento acad\u00e9mico).<\/span><\/li><li style=\"font-weight: 400;\" aria-level=\"1\"><span style=\"font-weight: 400;\">Gestiones ante la facultad (mejoras en aulas, horarios, docentes, becas, ambientes).<\/span><\/li><li style=\"font-weight: 400;\" aria-level=\"1\"><span style=\"font-weight: 400;\">Representaci\u00f3n en reuniones institucionales y asambleas.<\/span><\/li><\/ul>\t\t\t\t\t\t\t\t<\/div>\n\t\t\t\t\t<\/div>\n\t\t\t\t<\/div>\n\t\t<div class=\"elementor-element elementor-element-daff62e e-flex e-con-boxed e-con e-parent\" data-id=\"daff62e\" data-element_type=\"container\">\n\t\t\t\t\t<div class=\"e-con-inner\">\n\t\t\t\t<div class=\"elementor-element elementor-element-c5f6516 elementor-widget elementor-widget-spacer\" data-id=\"c5f6516\" data-element_type=\"widget\" data-widget_type=\"spacer.default\">\n\t\t\t\t\t\t\t<div class=\"elementor-spacer\">\n\t\t\t<div class=\"elementor-spacer-inner\"><\/div>\n\t\t<\/div>\n\t\t\t\t\t\t<\/div>\n\t\t\t\t\t<\/div>\n\t\t\t\t<\/div>\n\t\t\t\t<\/div>\n\t\t","protected":false},"excerpt":{"rendered":"<p>Centro de Estudiantes de Ciencias de la Educaci\u00f3n El Centro de Estudiantes es una organizaci\u00f3n conformada por estudiantes elegidos democr\u00e1ticamente para representar a toda la comunidad estudiantil de una carrera o facultad. Su funci\u00f3n principal es velar por los derechos, <a href=\"https:\/\/educacion.hum.umss.edu.bo\/index.php\/centro-de-estudiantes\/\" class=\"read-more\">Leer m\u00e1s&#8230;<\/a><\/p>\n","protected":false},"author":1,"featured_media":0,"parent":0,"menu_order":0,"comment_status":"closed","ping_status":"closed","template":"elementor_header_footer","meta":{"footnotes":""},"class_list":["post-1699","page","type-page","status-publish","hentry"],"_links":{"self":[{"href":"https:\/\/educacion.hum.umss.edu.bo\/index.php\/wp-json\/wp\/v2\/pages\/1699","targetHints":{"allow":["GET"]}}],"collection":[{"href":"https:\/\/educacion.hum.umss.edu.bo\/index.php\/wp-json\/wp\/v2\/pages"}],"about":[{"href":"https:\/\/educacion.hum.umss.edu.bo\/index.php\/wp-json\/wp\/v2\/types\/page"}],"author":[{"embeddable":true,"href":"https:\/\/educacion.hum.umss.edu.bo\/index.php\/wp-json\/wp\/v2\/users\/1"}],"replies":[{"embeddable":true,"href":"https:\/\/educacion.hum.umss.edu.bo\/index.php\/wp-json\/wp\/v2\/comments?post=1699"}],"version-history":[{"count":62,"href":"https:\/\/educacion.hum.umss.edu.bo\/index.php\/wp-json\/wp\/v2\/pages\/1699\/revisions"}],"predecessor-version":[{"id":2556,"href":"https:\/\/educacion.hum.umss.edu.bo\/index.php\/wp-json\/wp\/v2\/pages\/1699\/revisions\/2556"}],"wp:attachment":[{"href":"https:\/\/educacion.hum.umss.edu.bo\/index.php\/wp-json\/wp\/v2\/media?parent=1699"}],"curies":[{"name":"wp","href":"https:\/\/api.w.org\/{rel}","templated":true}]}}